{"id":410,"date":"2024-06-05T15:41:57","date_gmt":"2024-06-05T15:41:57","guid":{"rendered":"http:\/\/sshg-180grad.de\/?page_id=410"},"modified":"2024-06-21T18:05:49","modified_gmt":"2024-06-21T18:05:49","slug":"ueber-uns","status":"publish","type":"page","link":"https:\/\/sshg-180grad.de\/?page_id=410","title":{"rendered":"\u00dcber uns"},"content":{"rendered":"\n<h2 class=\"wp-block-heading has-text-align-center\">Wer sind wir?<\/h2>\n\n\n\n<p class=\"has-text-align-center\">Die &#8222;Diamanten Werkstatt&#8220; ist ein lobenswertes Projekt, das von einem engagierten Team ins Leben gerufen wurde, um Menschen mit Suchterfahrungen zu unterst\u00fctzen. Mit einem tiefen Verst\u00e4ndnis f\u00fcr die Herausforderungen, denen sich Betroffene gegen\u00fcbersehen, bietet dieses Forum einen wertvollen Raum f\u00fcr Austausch und gegenseitige Hilfe. Die Tatsache, dass die Mitglieder des Teams aus eigener Erfahrung sprechen k\u00f6nnen, verleiht ihrer Arbeit eine besondere Glaubw\u00fcrdigkeit und Tiefe. Die Bereitstellung von Unterst\u00fctzung auf ehrenamtlicher Basis und ohne Kosten f\u00fcr die Nutzer zeigt ein hohes Ma\u00df an Hingabe und den Wunsch, positiv zur Gesellschaft beizutragen. Es ist ein wichtiger Schritt in Richtung Heilung und Selbstst\u00e4ndigkeit f\u00fcr viele, die den Weg aus der Sucht suchen und ein unabh\u00e4ngiges, gesundes Leben f\u00fchren m\u00f6chten.<\/p>\n\n\n\n<figure class=\"wp-block-image aligncenter size-large\"><img loading=\"lazy\" decoding=\"async\" width=\"1024\" height=\"633\" src=\"http:\/\/sshg-180grad.de\/wp-content\/uploads\/2024\/06\/dimanten_werkstatt_02a-1024x633.png\" alt=\"\" class=\"wp-image-712\" srcset=\"https:\/\/sshg-180grad.de\/wp-content\/uploads\/2024\/06\/dimanten_werkstatt_02a-1024x633.png 1024w, https:\/\/sshg-180grad.de\/wp-content\/uploads\/2024\/06\/dimanten_werkstatt_02a-300x186.png 300w, https:\/\/sshg-180grad.de\/wp-content\/uploads\/2024\/06\/dimanten_werkstatt_02a-768x475.png 768w, https:\/\/sshg-180grad.de\/wp-content\/uploads\/2024\/06\/dimanten_werkstatt_02a.png 1172w\" sizes=\"auto, (max-width: 1024px) 100vw, 1024px\" \/><\/figure>\n\n\n\n<h2 class=\"wp-block-heading has-text-align-center\">Wir w\u00fcnschen euch viel Spa\u00df mit <\/h2>\n\n\n\n<p class=\"has-text-align-center\">www.sshg-180grad.de<\/p>\n\n\n\n<p class=\"has-text-align-center\">Sucht-Selbsthilfegruppe-Online<\/p>\n","protected":false},"excerpt":{"rendered":"<p>Wer sind wir? Die &#8222;Diamanten Werkstatt&#8220; ist ein lobenswertes Projekt, das von einem engagierten Team ins Leben gerufen wurde, um Menschen mit Suchterfahrungen zu unterst\u00fctzen. Mit einem tiefen Verst\u00e4ndnis f\u00fcr die Herausforderungen, denen sich Betroffene gegen\u00fcbersehen, bietet dieses Forum einen wertvollen Raum f\u00fcr Austausch und gegenseitige Hilfe. Die Tatsache, dass die Mitglieder des Teams aus&#8230;<\/p>\n","protected":false},"author":1,"featured_media":0,"parent":0,"menu_order":0,"comment_status":"closed","ping_status":"closed","template":"","meta":{"footnotes":""},"class_list":["post-410","page","type-page","status-publish","hentry"],"_links":{"self":[{"href":"https:\/\/sshg-180grad.de\/index.php?rest_route=\/wp\/v2\/pages\/410","targetHints":{"allow":["GET"]}}],"collection":[{"href":"https:\/\/sshg-180grad.de\/index.php?rest_route=\/wp\/v2\/pages"}],"about":[{"href":"https:\/\/sshg-180grad.de\/index.php?rest_route=\/wp\/v2\/types\/page"}],"author":[{"embeddable":true,"href":"https:\/\/sshg-180grad.de\/index.php?rest_route=\/wp\/v2\/users\/1"}],"replies":[{"embeddable":true,"href":"https:\/\/sshg-180grad.de\/index.php?rest_route=%2Fwp%2Fv2%2Fcomments&post=410"}],"version-history":[{"count":8,"href":"https:\/\/sshg-180grad.de\/index.php?rest_route=\/wp\/v2\/pages\/410\/revisions"}],"predecessor-version":[{"id":847,"href":"https:\/\/sshg-180grad.de\/index.php?rest_route=\/wp\/v2\/pages\/410\/revisions\/847"}],"wp:attachment":[{"href":"https:\/\/sshg-180grad.de\/index.php?rest_route=%2Fwp%2Fv2%2Fmedia&parent=410"}],"curies":[{"name":"wp","href":"https:\/\/api.w.org\/{rel}","templated":true}]}}